{"id":9,"date":"2023-12-21T00:00:27","date_gmt":"2023-12-20T23:00:27","guid":{"rendered":"https:\/\/labananemusicale.fr\/?page_id=9"},"modified":"2026-01-11T19:01:16","modified_gmt":"2026-01-11T18:01:16","slug":"accueil","status":"publish","type":"page","link":"https:\/\/labananemusicale.fr\/","title":{"rendered":"Accueil"},"content":{"rendered":"\n\t<section class=\"section dark\" id=\"section_954113155\">\n\t\t<div class=\"bg section-bg fill bg-fill  bg-loaded\" >\n\n\t\t\t\n\t\t\t\n\t\t\t\n\n\t\t<\/div>\n\n\t\t\n\n\t\t<div class=\"section-content relative\">\n\t\t\t\n\n<div class=\"row row-collapse row-full-width align-middle\"  id=\"row-1507049889\">\n\n\n\t<div id=\"col-1312321321\" class=\"col medium-12 small-12 large-5\"  data-animate=\"bounceInLeft\">\n\t\t\t\t<div class=\"col-inner\"  >\n\t\t\t\n\t\t\t\n\n<div class=\"row align-center\"  id=\"row-1327638560\">\n\n\n\t<div id=\"col-733519978\" class=\"col medium-9 small-12 large-9\"  >\n\t\t\t\t<div class=\"col-inner text-center\"  >\n\t\t\t\n\t\t\t\n\n\t<div id=\"text-402176996\" class=\"text\">\n\t\t\n\n<h5><span style=\"color: #C1C1C1;\">Bienvenue \u00e0 la<\/span><\/h5>\n\t\t\n<style>\n#text-402176996 {\n  font-size: 1.1rem;\n  line-height: 1.85;\n  text-align: center;\n}\n<\/style>\n\t<\/div>\n\t\n\t<div id=\"gap-917963238\" class=\"gap-element clearfix\" style=\"display:block; height:auto;\">\n\t\t\n<style>\n#gap-917963238 {\n  padding-top: 2px;\n}\n<\/style>\n\t<\/div>\n\t\n\n\t<div id=\"text-3035888061\" class=\"text\">\n\t\t\n\n<h5 data-padding=\"10px\"><span style=\"color: #ffffff;\">BANANE MUSICALE<\/span><\/h5>\n\t\t\n<style>\n#text-3035888061 {\n  font-size: 3.25rem;\n  line-height: 1.05;\n  text-align: center;\n}\n<\/style>\n\t<\/div>\n\t\n\t<div id=\"text-1710625748\" class=\"text\">\n\t\t\n\n<p class=\"lead\"><strong><span style=\"color: #C1C1C1;\">Troupes de com\u00e9die musicale \u00e0 Nice.<\/span><\/strong><\/p>\n\t\t\n<style>\n#text-1710625748 {\n  font-size: 0.75rem;\n  line-height: 1.3;\n  text-align: center;\n}\n<\/style>\n\t<\/div>\n\t\n\t<div id=\"gap-1084928416\" class=\"gap-element clearfix\" style=\"display:block; height:auto;\">\n\t\t\n<style>\n#gap-1084928416 {\n  padding-top: 12px;\n}\n<\/style>\n\t<\/div>\n\t\n\n<a href=\"https:\/\/labananemusicale.fr\/index.php\/saison-2025-26\/\" target=\"_self\" class=\"button alert is-small\"  style=\"border-radius:6px;padding:5px 30px 5px 30px;\">\n    <span>\ud83c\udf4c Saison culturelle 25\/26 \ud83c\udf4c<\/span>\n  <\/a>\n\n\n\n\t\t<\/div>\n\t\t\t\t\n<style>\n#col-733519978 > .col-inner {\n  padding: 50px 0px 30px 0px;\n}\n@media (min-width:850px) {\n  #col-733519978 > .col-inner {\n    padding: 0 0px 0px 0px;\n  }\n}\n<\/style>\n\t<\/div>\n\n\t\n\n<\/div>\n\n\t\t<\/div>\n\t\t\t\t\t<\/div>\n\n\t\n\n\t<div id=\"col-105398722\" class=\"col medium-12 small-12 large-7 medium-col-first\"  data-animate=\"bounceInRight\">\n\t\t\t\t<div class=\"col-inner\"  >\n\t\t\t\n\t\t\t\n\n\n  <div class=\"banner has-hover bg-grayscale\" id=\"banner-1254086227\">\n          <div class=\"banner-inner fill\">\n        <div class=\"banner-bg fill\" >\n            <div class=\"bg fill bg-fill \"><\/div>\n                                    \n                    <\/div>\n\t\t\n        <div class=\"banner-layers container\">\n            <div class=\"fill banner-link\"><\/div>            \n\n\n        <\/div>\n      <\/div>\n\n            \n<style>\n#banner-1254086227 {\n  padding-top: 350px;\n  background-color: rgb(255, 255, 255);\n}\n#banner-1254086227 .bg.bg-loaded {\n  background-image: url(https:\/\/labananemusicale.fr\/wp-content\/uploads\/2024\/01\/A7400330-1-scaled.jpg);\n}\n#banner-1254086227 .bg {\n  background-position: 81% 63%;\n}\n#banner-1254086227 .ux-shape-divider--top svg {\n  height: 150px;\n  --divider-top-width: 100%;\n}\n#banner-1254086227 .ux-shape-divider--bottom svg {\n  height: 150px;\n  --divider-width: 100%;\n}\n@media (min-width:550px) {\n  #banner-1254086227 {\n    padding-top: 500px;\n  }\n}\n@media (min-width:850px) {\n  #banner-1254086227 {\n    padding-top: 400px;\n  }\n}\n<\/style>\n  <\/div>\n\n\n\n\t\t<\/div>\n\t\t\t\t\t<\/div>\n\n\t\n\n<\/div>\n\n\t\t<\/div>\n\n\t\t\n<style>\n#section_954113155 {\n  padding-top: -100px;\n  padding-bottom: -100px;\n  min-height: 100px;\n  background-color: rgb(0, 0, 0);\n}\n#section_954113155 .ux-shape-divider--top svg {\n  height: 150px;\n  --divider-top-width: 100%;\n}\n#section_954113155 .ux-shape-divider--bottom svg {\n  height: 150px;\n  --divider-width: 100%;\n}\n<\/style>\n\t<\/section>\n\t\n\t<section class=\"section dark\" id=\"section_1382659367\">\n\t\t<div class=\"bg section-bg fill bg-fill  bg-loaded\" >\n\n\t\t\t\n\t\t\t\n\t\t\t\n\n\t\t<\/div>\n\n\t\t\n\n\t\t<div class=\"section-content relative\">\n\t\t\t\n\n\t<div id=\"gap-529954442\" class=\"gap-element clearfix\" style=\"display:block; height:auto;\">\n\t\t\n<style>\n#gap-529954442 {\n  padding-top: 30px;\n}\n<\/style>\n\t<\/div>\n\t\n\n<div class=\"row row-large\" style=\"max-width:1300px\" id=\"row-1503423221\">\n\n\n\t<div id=\"col-310145135\" class=\"col medium-6 small-12 large-3\"  data-animate=\"bounceInLeft\">\n\t\t\t\t<div class=\"col-inner text-center\"  >\n\t\t\t\n\t\t\t\n\n\n\t\t<div class=\"icon-box featured-box icon-box-top text-left\"  >\n\t\t\t\t\t<div class=\"icon-box-img\" style=\"width: 79px\">\n\t\t\t\t<div class=\"icon\">\n\t\t\t\t\t<div class=\"icon-inner\" >\n\t\t\t\t\t\t<img loading=\"lazy\" decoding=\"async\" width=\"300\" height=\"291\" src=\"https:\/\/labananemusicale.fr\/wp-content\/uploads\/2024\/02\/etoilessss-300x291.png\" class=\"attachment-medium size-medium\" alt=\"\" srcset=\"https:\/\/labananemusicale.fr\/wp-content\/uploads\/2024\/02\/etoilessss-300x291.png 300w, https:\/\/labananemusicale.fr\/wp-content\/uploads\/2024\/02\/etoilessss.png 355w\" sizes=\"auto, (max-width: 300px) 100vw, 300px\" \/>\t\t\t\t\t<\/div>\n\t\t\t\t<\/div>\n\t\t\t<\/div>\n\t\t\t\t<div class=\"icon-box-text last-reset\">\n\t\t\t\t\t\t\t\t\t\n\n\t<div id=\"text-870514504\" class=\"text\">\n\t\t\n\n<h2>Ambitieux<\/h2>\n<p>Pr\u00eat \u00e0 tout pour se r\u00e9inventer et faire toujours plus pour nous pousser loin.<\/p>\n\t\t\n<style>\n#text-870514504 {\n  text-align: center;\n  color: rgb(0,0,0);\n}\n#text-870514504 > * {\n  color: rgb(0,0,0);\n}\n<\/style>\n\t<\/div>\n\t\n\n\t\t<\/div>\n\t<\/div>\n\t\n\t\n\n\t\t<\/div>\n\t\t\t\t\t<\/div>\n\n\t\n\n\t<div id=\"col-1463548982\" class=\"col medium-6 small-12 large-3\"  data-animate=\"bounceInLeft\">\n\t\t\t\t<div class=\"col-inner text-center\"  >\n\t\t\t\n\t\t\t\n\n\n\t\t<div class=\"icon-box featured-box icon-box-top text-left\"  >\n\t\t\t\t\t<div class=\"icon-box-img\" style=\"width: 79px\">\n\t\t\t\t<div class=\"icon\">\n\t\t\t\t\t<div class=\"icon-inner\" >\n\t\t\t\t\t\t<img loading=\"lazy\" decoding=\"async\" width=\"300\" height=\"300\" src=\"https:\/\/labananemusicale.fr\/wp-content\/uploads\/2024\/02\/loupee-300x300.png\" class=\"attachment-medium size-medium\" alt=\"\" srcset=\"https:\/\/labananemusicale.fr\/wp-content\/uploads\/2024\/02\/loupee-300x300.png 300w, https:\/\/labananemusicale.fr\/wp-content\/uploads\/2024\/02\/loupee-150x150.png 150w, https:\/\/labananemusicale.fr\/wp-content\/uploads\/2024\/02\/loupee.png 409w\" sizes=\"auto, (max-width: 300px) 100vw, 300px\" \/>\t\t\t\t\t<\/div>\n\t\t\t\t<\/div>\n\t\t\t<\/div>\n\t\t\t\t<div class=\"icon-box-text last-reset\">\n\t\t\t\t\t\t\t\t\t\n\n\t<div id=\"text-112916919\" class=\"text\">\n\t\t\n\n<h2>Minutieux<\/h2>\n<p>A la recherche de la moindre faille \u00e0 am\u00e9liorer pour offrir des exp\u00e9riences parfaites.<\/p>\n\t\t\n<style>\n#text-112916919 {\n  text-align: center;\n  color: rgb(0,0,0);\n}\n#text-112916919 > * {\n  color: rgb(0,0,0);\n}\n<\/style>\n\t<\/div>\n\t\n\n\t\t<\/div>\n\t<\/div>\n\t\n\t\n\n\t\t<\/div>\n\t\t\t\t\t<\/div>\n\n\t\n\n\t<div id=\"col-108161206\" class=\"col medium-6 small-12 large-3\"  data-animate=\"bounceInLeft\">\n\t\t\t\t<div class=\"col-inner text-center\"  >\n\t\t\t\n\t\t\t\n\n\n\t\t<div class=\"icon-box featured-box icon-box-top text-left\"  >\n\t\t\t\t\t<div class=\"icon-box-img\" style=\"width: 84px\">\n\t\t\t\t<div class=\"icon\">\n\t\t\t\t\t<div class=\"icon-inner\" >\n\t\t\t\t\t\t<img loading=\"lazy\" decoding=\"async\" width=\"300\" height=\"300\" src=\"https:\/\/labananemusicale.fr\/wp-content\/uploads\/2024\/02\/feuuuuuuu-300x300.png\" class=\"attachment-medium size-medium\" alt=\"\" srcset=\"https:\/\/labananemusicale.fr\/wp-content\/uploads\/2024\/02\/feuuuuuuu-300x300.png 300w, https:\/\/labananemusicale.fr\/wp-content\/uploads\/2024\/02\/feuuuuuuu-150x150.png 150w, https:\/\/labananemusicale.fr\/wp-content\/uploads\/2024\/02\/feuuuuuuu.png 410w\" sizes=\"auto, (max-width: 300px) 100vw, 300px\" \/>\t\t\t\t\t<\/div>\n\t\t\t\t<\/div>\n\t\t\t<\/div>\n\t\t\t\t<div class=\"icon-box-text last-reset\">\n\t\t\t\t\t\t\t\t\t\n\n\t<div id=\"text-3322831210\" class=\"text\">\n\t\t\n\n<h2>Passionn\u00e9s<\/h2>\n<p>Une \u00e9quipe cr\u00e9ative amoureuse des com\u00e9dies musicales de notre enfance.<\/p>\n\t\t\n<style>\n#text-3322831210 {\n  text-align: center;\n  color: rgb(0,0,0);\n}\n#text-3322831210 > * {\n  color: rgb(0,0,0);\n}\n<\/style>\n\t<\/div>\n\t\n\n\t\t<\/div>\n\t<\/div>\n\t\n\t\n\n\t\t<\/div>\n\t\t\t\t\t<\/div>\n\n\t\n\n\t<div id=\"col-474382197\" class=\"col medium-6 small-12 large-3\"  data-animate=\"bounceInLeft\">\n\t\t\t\t<div class=\"col-inner text-center\"  >\n\t\t\t\n\t\t\t\n\n\n\t\t<div class=\"icon-box featured-box icon-box-top text-left\"  >\n\t\t\t\t\t<div class=\"icon-box-img\" style=\"width: 86px\">\n\t\t\t\t<div class=\"icon\">\n\t\t\t\t\t<div class=\"icon-inner\" >\n\t\t\t\t\t\t<img loading=\"lazy\" decoding=\"async\" width=\"300\" height=\"300\" src=\"https:\/\/labananemusicale.fr\/wp-content\/uploads\/2024\/02\/coeeeeeur-1-300x300.png\" class=\"attachment-medium size-medium\" alt=\"\" srcset=\"https:\/\/labananemusicale.fr\/wp-content\/uploads\/2024\/02\/coeeeeeur-1-300x300.png 300w, https:\/\/labananemusicale.fr\/wp-content\/uploads\/2024\/02\/coeeeeeur-1-150x150.png 150w, https:\/\/labananemusicale.fr\/wp-content\/uploads\/2024\/02\/coeeeeeur-1.png 464w\" sizes=\"auto, (max-width: 300px) 100vw, 300px\" \/>\t\t\t\t\t<\/div>\n\t\t\t\t<\/div>\n\t\t\t<\/div>\n\t\t\t\t<div class=\"icon-box-text last-reset\">\n\t\t\t\t\t\t\t\t\t\n\n\t<div id=\"text-221401988\" class=\"text\">\n\t\t\n\n<h2>Bienveillant<\/h2>\n<p>Un environnement sain de travail pour s&rsquo;\u00e9panouir en toute tranquilit\u00e9.<\/p>\n\t\t\n<style>\n#text-221401988 {\n  text-align: center;\n  color: rgb(0,0,0);\n}\n#text-221401988 > * {\n  color: rgb(0,0,0);\n}\n<\/style>\n\t<\/div>\n\t\n\n\t\t<\/div>\n\t<\/div>\n\t\n\t\n\n\t\t<\/div>\n\t\t\t\t\t<\/div>\n\n\t\n\n<\/div>\n\n\t\t<\/div>\n\n\t\t\n<style>\n#section_1382659367 {\n  padding-top: 30px;\n  padding-bottom: 30px;\n  background-color: rgba(255, 248, 216, 0.808);\n}\n#section_1382659367 .ux-shape-divider--top svg {\n  height: 150px;\n  --divider-top-width: 100%;\n}\n#section_1382659367 .ux-shape-divider--bottom svg {\n  height: 150px;\n  --divider-width: 100%;\n}\n<\/style>\n\t<\/section>\n\t\n<div class=\"row\"  id=\"row-996220770\">\n\n\n\t<div id=\"col-1648943252\" class=\"col medium-4 small-12 large-4\"  data-animate=\"blurIn\">\n\t\t\t\t<div class=\"col-inner\"  >\n\t\t\t\n\t\t\t\n\n\t<div id=\"text-4007207237\" class=\"text\">\n\t\t\n\n<h2>Clip 2022<\/h2>\n\t\t\n<style>\n#text-4007207237 {\n  font-size: 1.2rem;\n  line-height: 0.75;\n  text-align: center;\n  color: rgb(66, 3, 89);\n}\n#text-4007207237 > * {\n  color: rgb(66, 3, 89);\n}\n<\/style>\n\t<\/div>\n\t\n<div class=\"video video-fit mb\" style=\"padding-top:56.25%;\"><iframe loading=\"lazy\" title=\"What time is it ? - La Banane Musicale (official music video 2022) \ud83c\udf4c\" width=\"1020\" height=\"574\" src=\"https:\/\/www.youtube.com\/embed\/J1t4g46_V0I?feature=oembed\" frameborder=\"0\" allow=\"accelerometer; autoplay; clipboard-write; encrypted-media; gyroscope; picture-in-picture; web-share\" referrerpolicy=\"strict-origin-when-cross-origin\" allowfullscreen><\/iframe><\/div>\n\n\n\t\t<\/div>\n\t\t\t\t\t<\/div>\n\n\t\n\n\t<div id=\"col-744417433\" class=\"col medium-4 small-12 large-4\"  data-animate=\"blurIn\">\n\t\t\t\t<div class=\"col-inner\"  >\n\t\t\t\n\t\t\t\n\n\t<div id=\"text-771562774\" class=\"text\">\n\t\t\n\n<h2>Clip 2023<\/h2>\n\t\t\n<style>\n#text-771562774 {\n  font-size: 1.2rem;\n  line-height: 0.75;\n  text-align: center;\n}\n<\/style>\n\t<\/div>\n\t\n<div class=\"video video-fit mb\" style=\"padding-top:56.25%;\"><p><iframe loading=\"lazy\" title=\"All that jazz - La Banane Musicale (official music video 2023) \ud83c\udf4c\" width=\"1020\" height=\"574\" src=\"https:\/\/www.youtube.com\/embed\/qZf0zyASXZw?feature=oembed\" frameborder=\"0\" allow=\"accelerometer; autoplay; clipboard-write; encrypted-media; gyroscope; picture-in-picture; web-share\" referrerpolicy=\"strict-origin-when-cross-origin\" allowfullscreen><\/iframe><\/p>\n<\/div>\n\n\n\t\t<\/div>\n\t\t\t\t\t<\/div>\n\n\t\n\n\t<div id=\"col-315197647\" class=\"col medium-4 small-12 large-4\"  >\n\t\t\t\t<div class=\"col-inner\"  >\n\t\t\t\n\t\t\t\n\n\t<div id=\"text-2980250331\" class=\"text\">\n\t\t\n\n<h2>Clip 2024<\/h2>\n\t\t\n<style>\n#text-2980250331 {\n  font-size: 1.2rem;\n  line-height: 0.75;\n  text-align: center;\n}\n<\/style>\n\t<\/div>\n\t\n<div class=\"video video-fit mb\" style=\"padding-top:56.25%;\"><p><iframe loading=\"lazy\" title=\"Tu dois respecter les r\u00e8gles - La Banane Musicale (official music vid\u00e9o 2024) \ud83c\udf4c\" width=\"1020\" height=\"574\" src=\"https:\/\/www.youtube.com\/embed\/7HVoFRFv1T4?start=3&#038;feature=oembed\" frameborder=\"0\" allow=\"accelerometer; autoplay; clipboard-write; encrypted-media; gyroscope; picture-in-picture; web-share\" referrerpolicy=\"strict-origin-when-cross-origin\" allowfullscreen><\/iframe><\/p>\n<\/div>\n\n\n\t\t<\/div>\n\t\t\t\t\t<\/div>\n\n\t\n\n<\/div>\n\t<section class=\"section dark has-parallax\" id=\"section_1132771485\">\n\t\t<div class=\"bg section-bg fill bg-fill  \" data-parallax-container=\".section\" data-parallax-background data-parallax=\"-7\">\n\n\t\t\t\n\t\t\t<div class=\"section-bg-overlay absolute fill\"><\/div>\n\t\t\t\n\n\t\t<\/div>\n\n\t\t\n\n\t\t<div class=\"section-content relative\">\n\t\t\t\n\n\t<div id=\"gap-168728594\" class=\"gap-element clearfix\" style=\"display:block; height:auto;\">\n\t\t\n<style>\n#gap-168728594 {\n  padding-top: 30px;\n}\n<\/style>\n\t<\/div>\n\t\n\n<div class=\"row align-center\" style=\"max-width:1300px\" id=\"row-311046053\">\n\n\n\t<div id=\"col-288997430\" class=\"col medium-11 small-12 large-11\"  >\n\t\t\t\t<div class=\"col-inner\"  >\n\t\t\t\n\t\t\t\n\n\t<div id=\"text-745643400\" class=\"text\">\n\t\t\n\n<h2>\u201cC&rsquo;est en ouvrant la porte de ma salle&#8230; que vous ouvrez la porte de votre coeur\u201d<\/h2>\n\t\t\n<style>\n#text-745643400 {\n  font-size: 1.25rem;\n  text-align: center;\n}\n@media (min-width:850px) {\n  #text-745643400 {\n    font-size: 1.5rem;\n  }\n}\n<\/style>\n\t<\/div>\n\t\n\t<div id=\"text-2216892739\" class=\"text\">\n\t\t\n\n<h4 data-opacity=\"0.5\">&#8211; M. Candylight <br>Spectacle On n&rsquo;est pas dans High School Musical<\/h4>\n\t\t\n<style>\n#text-2216892739 {\n  font-size: 0.75rem;\n  line-height: 1.25;\n  text-align: center;\n  color: rgb(222, 222, 222);\n}\n#text-2216892739 > * {\n  color: rgb(222, 222, 222);\n}\n<\/style>\n\t<\/div>\n\t\n\n\t\t<\/div>\n\t\t\t\t\t<\/div>\n\n\t\n\n<\/div>\n\n\t\t<\/div>\n\n\t\t\n<style>\n#section_1132771485 {\n  padding-top: 30px;\n  padding-bottom: 30px;\n  min-height: 200px;\n}\n#section_1132771485 .section-bg-overlay {\n  background-color: rgba(162, 103, 0, 0.506);\n}\n#section_1132771485 .section-bg.bg-loaded {\n  background-image: url(https:\/\/labananemusicale.fr\/wp-content\/uploads\/2024\/01\/IMG_0443-scaled.jpg);\n}\n#section_1132771485 .section-bg {\n  background-position: 46% 0%;\n}\n#section_1132771485 .ux-shape-divider--top svg {\n  height: 150px;\n  --divider-top-width: 100%;\n}\n#section_1132771485 .ux-shape-divider--bottom svg {\n  height: 150px;\n  --divider-width: 100%;\n}\n<\/style>\n\t<\/section>\n\t\n\t<div id=\"gap-1217513439\" class=\"gap-element clearfix\" style=\"display:block; height:auto;\">\n\t\t\n<style>\n#gap-1217513439 {\n  padding-top: 30px;\n}\n<\/style>\n\t<\/div>\n\t\n\n<div class=\"container section-title-container\" ><h3 class=\"section-title section-title-center\"><b><\/b><span class=\"section-title-main\" >\ud83d\udc9c Nos merveilleux partenaires \ud83d\udc9c<\/span><b><\/b><\/h3><\/div>\n\n<div class=\"row\"  id=\"row-199707666\">\n\n\n\t<div id=\"col-1811127686\" class=\"col medium-3 small-6 large-3\"  >\n\t\t\t\t<div class=\"col-inner\"  >\n\t\t\t\n\t\t\t\n\n\n\t\t<\/div>\n\t\t\t\t\t<\/div>\n\n\t\n\n\t<div id=\"col-439571364\" class=\"col medium-3 small-6 large-3\"  >\n\t\t\t\t<div class=\"col-inner\"  >\n\t\t\t\n\t\t\t\n\n\n\t\t<\/div>\n\t\t\t\t\t<\/div>\n\n\t\n\n\t<div id=\"col-1973998114\" class=\"col medium-3 small-6 large-3\"  >\n\t\t\t\t<div class=\"col-inner\"  >\n\t\t\t\n\t\t\t\n\n\n\t\t<\/div>\n\t\t\t\t\t<\/div>\n\n\t\n\n\t<div id=\"col-729775145\" class=\"col medium-3 small-6 large-3\"  >\n\t\t\t\t<div class=\"col-inner\"  >\n\t\t\t\n\t\t\t\n\n\n\t\t<\/div>\n\t\t\t\t\t<\/div>\n\n\t\n\n<\/div>\n\n","protected":false},"excerpt":{"rendered":"","protected":false},"author":1,"featured_media":0,"parent":0,"menu_order":0,"comment_status":"closed","ping_status":"closed","template":"","meta":{"_monsterinsights_skip_tracking":false,"_monsterinsights_sitenote_active":false,"_monsterinsights_sitenote_note":"","_monsterinsights_sitenote_category":0,"footnotes":""},"class_list":["post-9","page","type-page","status-publish","hentry"],"aioseo_notices":[],"_links":{"self":[{"href":"https:\/\/labananemusicale.fr\/index.php\/wp-json\/wp\/v2\/pages\/9","targetHints":{"allow":["GET"]}}],"collection":[{"href":"https:\/\/labananemusicale.fr\/index.php\/wp-json\/wp\/v2\/pages"}],"about":[{"href":"https:\/\/labananemusicale.fr\/index.php\/wp-json\/wp\/v2\/types\/page"}],"author":[{"embeddable":true,"href":"https:\/\/labananemusicale.fr\/index.php\/wp-json\/wp\/v2\/users\/1"}],"replies":[{"embeddable":true,"href":"https:\/\/labananemusicale.fr\/index.php\/wp-json\/wp\/v2\/comments?post=9"}],"version-history":[{"count":49,"href":"https:\/\/labananemusicale.fr\/index.php\/wp-json\/wp\/v2\/pages\/9\/revisions"}],"predecessor-version":[{"id":450,"href":"https:\/\/labananemusicale.fr\/index.php\/wp-json\/wp\/v2\/pages\/9\/revisions\/450"}],"wp:attachment":[{"href":"https:\/\/labananemusicale.fr\/index.php\/wp-json\/wp\/v2\/media?parent=9"}],"curies":[{"name":"wp","href":"https:\/\/api.w.org\/{rel}","templated":true}]}}