{"id":369,"date":"2025-08-27T13:03:16","date_gmt":"2025-08-27T11:03:16","guid":{"rendered":"https:\/\/labananemusicale.fr\/?page_id=369"},"modified":"2025-08-27T15:48:33","modified_gmt":"2025-08-27T13:48:33","slug":"saison-2025-26","status":"publish","type":"page","link":"https:\/\/labananemusicale.fr\/index.php\/saison-2025-26\/","title":{"rendered":"Saison 2025-26"},"content":{"rendered":"\n<div class=\"row\"  id=\"row-1122277562\">\n\n\n\t<div id=\"col-1567012879\" class=\"col medium-3 small-6 large-3\"  >\n\t\t\t\t<div class=\"col-inner\"  >\n\t\t\t\n\t\t\t\n\n\n  <div class=\"banner has-hover\" id=\"banner-1932092558\">\n          <div class=\"banner-inner fill\">\n        <div class=\"banner-bg fill\" >\n            <div class=\"bg fill bg-fill \"><\/div>\n                        <div class=\"overlay\"><\/div>            \n                    <\/div>\n\t\t\n        <div class=\"banner-layers container\">\n            <div class=\"fill banner-link\"><\/div>            \n\n   <div id=\"text-box-1818245988\" class=\"text-box banner-layer x5 md-x5 lg-x5 y50 md-y50 lg-y50 res-text\">\n                                <div class=\"text-box-content text dark\">\n              \n              <div class=\"text-inner text-left\">\n                  \n\n<h2 class=\"uppercase\"><strong>MINI BANANE<\/strong><\/h2>\n<h3>\u00c9tudiant.e.s<\/h3>\n<p>Vous voulez suivre des cours de com\u00e9dies musicales ? Suivez-nous dans nos adaptations avec une \u00e9quipe de chor\u00e9graphes et de musiciens b\u00e9n\u00e9voles de qualit\u00e9 !<\/p>\n<a href=\"https:\/\/labananemusicale.fr\/index.php\/troupe-etudiante\/\" target=\"_self\" class=\"button white\"  >\n    <span>Nos cours \u00e9tudiants<\/span>\n  <\/a>\n\n\n\n              <\/div>\n           <\/div>\n                            \n<style>\n#text-box-1818245988 {\n  width: 60%;\n}\n#text-box-1818245988 .text-box-content {\n  font-size: 100%;\n}\n@media (min-width:550px) {\n  #text-box-1818245988 {\n    width: 40%;\n  }\n}\n<\/style>\n    <\/div>\n \n\n        <\/div>\n      <\/div>\n\n            \n<style>\n#banner-1932092558 {\n  padding-top: 500px;\n}\n#banner-1932092558 .bg.bg-loaded {\n  background-image: url(https:\/\/labananemusicale.fr\/wp-content\/uploads\/2024\/01\/image-3-1024x768.jpg);\n}\n#banner-1932092558 .overlay {\n  background-color: rgba(0, 0, 0, 0.31);\n}\n#banner-1932092558 .bg {\n  background-position: 41% 64%;\n}\n#banner-1932092558 .ux-shape-divider--top svg {\n  height: 150px;\n  --divider-top-width: 100%;\n}\n#banner-1932092558 .ux-shape-divider--bottom svg {\n  height: 150px;\n  --divider-width: 100%;\n}\n<\/style>\n  <\/div>\n\n\n\n\t\t<\/div>\n\t\t\t\t\t<\/div>\n\n\t\n\n\t<div id=\"col-1329778334\" class=\"col medium-3 small-6 large-3\"  >\n\t\t\t\t<div class=\"col-inner\"  >\n\t\t\t\n\t\t\t\n\n\n  <div class=\"banner has-hover\" id=\"banner-2102343930\">\n          <div class=\"banner-inner fill\">\n        <div class=\"banner-bg fill\" >\n            <div class=\"bg fill bg-fill \"><\/div>\n                        <div class=\"overlay\"><\/div>            \n                    <\/div>\n\t\t\n        <div class=\"banner-layers container\">\n            <div class=\"fill banner-link\"><\/div>            \n\n   <div id=\"text-box-314860132\" class=\"text-box banner-layer x5 md-x5 lg-x5 y50 md-y50 lg-y50 res-text\">\n                                <div class=\"text-box-content text dark\">\n              \n              <div class=\"text-inner text-left\">\n                  \n\n<h2 class=\"uppercase\"><strong>GOLDEN ART<\/strong><\/h2>\n<h3>\u00c9tudiant.e.s artistes<\/h3>\n<p>Vous avez un projet artistique \u00e0 proposer autour du spectacle vivant ? Proposez-vous pour obtenir un passage dans le spectacle vari\u00e9 du Golden Art.<\/p>\n<a href=\"https:\/\/labananemusicale.fr\/index.php\/the-golden-art\/\" target=\"_self\" class=\"button white\"  >\n    <span>Festival du Golden Art<\/span>\n  <\/a>\n\n\n\n              <\/div>\n           <\/div>\n                            \n<style>\n#text-box-314860132 {\n  width: 60%;\n}\n#text-box-314860132 .text-box-content {\n  font-size: 100%;\n}\n@media (min-width:550px) {\n  #text-box-314860132 {\n    width: 40%;\n  }\n}\n<\/style>\n    <\/div>\n \n\n        <\/div>\n      <\/div>\n\n            \n<style>\n#banner-2102343930 {\n  padding-top: 500px;\n}\n#banner-2102343930 .bg.bg-loaded {\n  background-image: url(https:\/\/labananemusicale.fr\/wp-content\/uploads\/2025\/08\/1000195054-461x1024.png);\n}\n#banner-2102343930 .overlay {\n  background-color: rgba(0, 0, 0, 0.31);\n}\n#banner-2102343930 .bg {\n  background-position: 45% 34%;\n}\n#banner-2102343930 .ux-shape-divider--top svg {\n  height: 150px;\n  --divider-top-width: 100%;\n}\n#banner-2102343930 .ux-shape-divider--bottom svg {\n  height: 150px;\n  --divider-width: 100%;\n}\n<\/style>\n  <\/div>\n\n\n\n\t\t<\/div>\n\t\t\t\t\t<\/div>\n\n\t\n\n\t<div id=\"col-732600287\" class=\"col medium-3 small-6 large-3\"  >\n\t\t\t\t<div class=\"col-inner\"  >\n\t\t\t\n\t\t\t\n\n\n  <div class=\"banner has-hover\" id=\"banner-1807557941\">\n          <div class=\"banner-inner fill\">\n        <div class=\"banner-bg fill\" >\n            <div class=\"bg fill bg-fill \"><\/div>\n                        <div class=\"overlay\"><\/div>            \n                    <\/div>\n\t\t\n        <div class=\"banner-layers container\">\n            <div class=\"fill banner-link\"><\/div>            \n\n   <div id=\"text-box-980935989\" class=\"text-box banner-layer x5 md-x5 lg-x5 y50 md-y50 lg-y50 res-text\">\n                                <div class=\"text-box-content text dark\">\n              \n              <div class=\"text-inner text-left\">\n                  \n\n<h2 class=\"uppercase\"><strong>TROUPE PRO<\/strong><\/h2>\n<h3>Spectateurs.rices<\/h3>\n<p>Vous pouvez suivre nos projets artistiques en suivant ce lien. Nous vous pr\u00e9sentons l&rsquo;\u00e9quipe pro ainsi que tous nos spectacles depuis la cr\u00e9ation de l&rsquo;association !<\/p>\n<a href=\"https:\/\/labananemusicale.fr\/index.php\/troupe-pro\/\" target=\"_self\" class=\"button white\"  >\n    <span>Notre troupe<\/span>\n  <\/a>\n\n\n\n              <\/div>\n           <\/div>\n                            \n<style>\n#text-box-980935989 {\n  width: 60%;\n}\n#text-box-980935989 .text-box-content {\n  font-size: 100%;\n}\n@media (min-width:550px) {\n  #text-box-980935989 {\n    width: 40%;\n  }\n}\n<\/style>\n    <\/div>\n \n\n        <\/div>\n      <\/div>\n\n            \n<style>\n#banner-1807557941 {\n  padding-top: 500px;\n}\n#banner-1807557941 .bg.bg-loaded {\n  background-image: url(https:\/\/labananemusicale.fr\/wp-content\/uploads\/2024\/02\/A7400979-1024x576.jpg);\n}\n#banner-1807557941 .overlay {\n  background-color: rgba(0, 0, 0, 0.31);\n}\n#banner-1807557941 .bg {\n  background-position: 47% 43%;\n}\n#banner-1807557941 .ux-shape-divider--top svg {\n  height: 150px;\n  --divider-top-width: 100%;\n}\n#banner-1807557941 .ux-shape-divider--bottom svg {\n  height: 150px;\n  --divider-width: 100%;\n}\n<\/style>\n  <\/div>\n\n\n\n\t\t<\/div>\n\t\t\t\t\t<\/div>\n\n\t\n\n\t<div id=\"col-1475065120\" class=\"col medium-3 small-6 large-3\"  >\n\t\t\t\t<div class=\"col-inner\"  >\n\t\t\t\n\t\t\t\n\n\n  <div class=\"banner has-hover\" id=\"banner-1663368593\">\n          <div class=\"banner-inner fill\">\n        <div class=\"banner-bg fill\" >\n            <div class=\"bg fill bg-fill \"><\/div>\n                        <div class=\"overlay\"><\/div>            \n                    <\/div>\n\t\t\n        <div class=\"banner-layers container\">\n            <div class=\"fill banner-link\"><\/div>            \n\n   <div id=\"text-box-659766193\" class=\"text-box banner-layer x5 md-x5 lg-x5 y50 md-y50 lg-y50 res-text\">\n                                <div class=\"text-box-content text dark\">\n              \n              <div class=\"text-inner text-left\">\n                  \n\n<h2 class=\"uppercase\"><strong>COURS MUSICAUX<\/strong><\/h2>\n<h3>Ouverts \u00e0 tous.tes<\/h3>\n<p>Notre directeur \u00e9largie la demande de cours de com\u00e9die musicale pour les non \u00e9tudiants ! Sautez sur l&rsquo;occasion et informez-vous sur ce nouveau projet.<\/p>\n<a href=\"https:\/\/labananemusicale.fr\/index.php\/cours-musical\/\" target=\"_self\" class=\"button white\"  >\n    <span>Nos cours pour tous.tes<\/span>\n  <\/a>\n\n\n\n              <\/div>\n           <\/div>\n                            \n<style>\n#text-box-659766193 {\n  width: 60%;\n}\n#text-box-659766193 .text-box-content {\n  font-size: 100%;\n}\n@media (min-width:550px) {\n  #text-box-659766193 {\n    width: 40%;\n  }\n}\n<\/style>\n    <\/div>\n \n\n        <\/div>\n      <\/div>\n\n            \n<style>\n#banner-1663368593 {\n  padding-top: 500px;\n}\n#banner-1663368593 .bg.bg-loaded {\n  background-image: url(https:\/\/labananemusicale.fr\/wp-content\/uploads\/2024\/01\/image-5-1024x768.jpg);\n}\n#banner-1663368593 .overlay {\n  background-color: rgba(0, 0, 0, 0.31);\n}\n#banner-1663368593 .bg {\n  background-position: 58% 33%;\n}\n#banner-1663368593 .ux-shape-divider--top svg {\n  height: 150px;\n  --divider-top-width: 100%;\n}\n#banner-1663368593 .ux-shape-divider--bottom svg {\n  height: 150px;\n  --divider-width: 100%;\n}\n<\/style>\n  <\/div>\n\n\n\n\t\t<\/div>\n\t\t\t\t\t<\/div>\n\n\t\n\n<\/div>\n\n","protected":false},"excerpt":{"rendered":"","protected":false},"author":1,"featured_media":0,"parent":0,"menu_order":0,"comment_status":"closed","ping_status":"closed","template":"","meta":{"_monsterinsights_skip_tracking":false,"_monsterinsights_sitenote_active":false,"_monsterinsights_sitenote_note":"","_monsterinsights_sitenote_category":0,"footnotes":""},"class_list":["post-369","page","type-page","status-publish","hentry"],"aioseo_notices":[],"_links":{"self":[{"href":"https:\/\/labananemusicale.fr\/index.php\/wp-json\/wp\/v2\/pages\/369","targetHints":{"allow":["GET"]}}],"collection":[{"href":"https:\/\/labananemusicale.fr\/index.php\/wp-json\/wp\/v2\/pages"}],"about":[{"href":"https:\/\/labananemusicale.fr\/index.php\/wp-json\/wp\/v2\/types\/page"}],"author":[{"embeddable":true,"href":"https:\/\/labananemusicale.fr\/index.php\/wp-json\/wp\/v2\/users\/1"}],"replies":[{"embeddable":true,"href":"https:\/\/labananemusicale.fr\/index.php\/wp-json\/wp\/v2\/comments?post=369"}],"version-history":[{"count":7,"href":"https:\/\/labananemusicale.fr\/index.php\/wp-json\/wp\/v2\/pages\/369\/revisions"}],"predecessor-version":[{"id":432,"href":"https:\/\/labananemusicale.fr\/index.php\/wp-json\/wp\/v2\/pages\/369\/revisions\/432"}],"wp:attachment":[{"href":"https:\/\/labananemusicale.fr\/index.php\/wp-json\/wp\/v2\/media?parent=369"}],"curies":[{"name":"wp","href":"https:\/\/api.w.org\/{rel}","templated":true}]}}