{"id":30,"date":"2023-12-21T00:26:11","date_gmt":"2023-12-20T23:26:11","guid":{"rendered":"https:\/\/labananemusicale.fr\/?page_id=30"},"modified":"2025-08-27T15:46:12","modified_gmt":"2025-08-27T13:46:12","slug":"troupe-etudiante","status":"publish","type":"page","link":"https:\/\/labananemusicale.fr\/index.php\/troupe-etudiante\/","title":{"rendered":"Mini Banane"},"content":{"rendered":"\n<div class=\"container section-title-container\" ><h3 class=\"section-title section-title-center\"><b><\/b><span class=\"section-title-main\" >Les cours \u00e9tudiants de la mini banane<\/span><b><\/b><\/h3><\/div>\n\n\t<section class=\"section\" id=\"section_534797796\">\n\t\t<div class=\"bg section-bg fill bg-fill  bg-loaded\" >\n\n\t\t\t\n\t\t\t<div class=\"section-bg-overlay absolute fill\"><\/div>\n\t\t\t\n\t<div class=\"is-border\"\n\t\tstyle=\"border-color:rgb(235, 235, 235);border-width:1px 0px 0px 0px;\">\n\t<\/div>\n\n\t\t<\/div>\n\n\t\t\n\n\t\t<div class=\"section-content relative\">\n\t\t\t\n\n<div class=\"row\"  id=\"row-374788471\">\n\n\n\t<div id=\"col-2144448628\" class=\"col medium-4 small-12 large-4\"  >\n\t\t\t\t<div class=\"col-inner\"  >\n\t\t\t\n\t\t\t\n\n\t<div class=\"img has-hover x md-x lg-x y md-y lg-y\" id=\"image_588963764\">\n\t\t\t\t\t\t\t\t<div class=\"img-inner dark\" >\n\t\t\t<img loading=\"lazy\" decoding=\"async\" width=\"819\" height=\"1024\" src=\"https:\/\/labananemusicale.fr\/wp-content\/uploads\/2025\/08\/1-banane-819x1024.jpg\" class=\"attachment-large size-large\" alt=\"\" srcset=\"https:\/\/labananemusicale.fr\/wp-content\/uploads\/2025\/08\/1-banane-819x1024.jpg 819w, https:\/\/labananemusicale.fr\/wp-content\/uploads\/2025\/08\/1-banane-240x300.jpg 240w, https:\/\/labananemusicale.fr\/wp-content\/uploads\/2025\/08\/1-banane-768x960.jpg 768w, https:\/\/labananemusicale.fr\/wp-content\/uploads\/2025\/08\/1-banane.jpg 1024w\" sizes=\"auto, (max-width: 819px) 100vw, 819px\" \/>\t\t\t\t\t\t\n\t\t\t\t\t<\/div>\n\t\t\t\t\t\t\t\t\n<style>\n#image_588963764 {\n  width: 100%;\n}\n<\/style>\n\t<\/div>\n\t\n\n\n\t\t<\/div>\n\t\t\t\t\t<\/div>\n\n\t\n\n\t<div id=\"col-2059209392\" class=\"col medium-4 small-12 large-4\"  >\n\t\t\t\t<div class=\"col-inner\"  >\n\t\t\t\n\t\t\t\n\n\t<div class=\"img has-hover x md-x lg-x y md-y lg-y\" id=\"image_1819148589\">\n\t\t\t\t\t\t\t\t<div class=\"img-inner dark\" >\n\t\t\t<img loading=\"lazy\" decoding=\"async\" width=\"819\" height=\"1024\" src=\"https:\/\/labananemusicale.fr\/wp-content\/uploads\/2025\/08\/2-banane-819x1024.jpg\" class=\"attachment-large size-large\" alt=\"\" srcset=\"https:\/\/labananemusicale.fr\/wp-content\/uploads\/2025\/08\/2-banane-819x1024.jpg 819w, https:\/\/labananemusicale.fr\/wp-content\/uploads\/2025\/08\/2-banane-240x300.jpg 240w, https:\/\/labananemusicale.fr\/wp-content\/uploads\/2025\/08\/2-banane-768x960.jpg 768w, https:\/\/labananemusicale.fr\/wp-content\/uploads\/2025\/08\/2-banane.jpg 1024w\" sizes=\"auto, (max-width: 819px) 100vw, 819px\" \/>\t\t\t\t\t\t\n\t\t\t\t\t<\/div>\n\t\t\t\t\t\t\t\t\n<style>\n#image_1819148589 {\n  width: 100%;\n}\n<\/style>\n\t<\/div>\n\t\n\n\n\t\t<\/div>\n\t\t\t\t\t<\/div>\n\n\t\n\n\t<div id=\"col-1451704856\" class=\"col medium-4 small-12 large-4\"  >\n\t\t\t\t<div class=\"col-inner\"  >\n\t\t\t\n\t\t\t\n\n\t<div id=\"text-3151412153\" class=\"text\">\n\t\t\n\n<p><span style=\"font-size: 85%;\"><strong><span style=\"color: #f99b1c; font-family: helvetica, arial, sans-serif;\">2025-2026<\/span><\/strong><\/span><\/p>\n<p><span style=\"font-size: 85%; color: #fcfcfc;\"><strong><span style=\"font-family: helvetica, arial, sans-serif;\">Cette ann\u00e9e, nous lan\u00e7ons un nouveau projet pour nos cours \u00e9tudiants : l&rsquo;adaptation de The Greatest Showman. Tous les \u00e9tudiant.e.s peuvent s&rsquo;inscrire pour suivre des cours de com\u00e9die musicale (chant, danse, etc). Puis, suite \u00e0 une audition, vous pourrez tenter d&rsquo;obtenir les r\u00f4les de la com\u00e9die musicale !<\/span><\/strong><\/span><\/p>\n<p><span style=\"font-size: 85%;\"><strong><span style=\"font-family: helvetica, arial, sans-serif;\"><span style=\"color: #fcfcfc;\">Tarif pour l&rsquo;ann\u00e9e :<\/span> <span style=\"color: #f99b1c;\">75\u20ac pour les \u00e9tudiants<span style=\"color: #fff196;\"><em> (prix des cours \u00e0 l&rsquo;ann\u00e9e et d&rsquo;une partie du costume que vous pourrez r\u00e9cup\u00e9rer \u00e0 la fin du spectacle<\/em><\/span><\/span><span style=\"color: #fff196;\">)<\/span><span style=\"color: #ffffff;\">.<\/span><\/span><\/strong><\/span><\/p>\n<p><span style=\"font-size: 85%; color: #ffffff;\"><strong><span style=\"font-family: helvetica, arial, sans-serif;\">Heures de cours : le jeudi de 17 \u00e0 20h.<\/span><\/strong><\/span><\/p>\n<p><span style=\"font-size: 85%;\"><strong><span style=\"font-family: helvetica, arial, sans-serif;\"><span style=\"color: #ffffff;\">Spectacles \u00e0 pr\u00e9voir : <\/span><span style=\"color: #f99b1c;\">deux ou trois repr\u00e9sentations en mai 2026<\/span>.<\/span><\/strong><\/span><\/p>\n<p><span style=\"color: #fff196; font-size: 85%;\"><em><strong><span style=\"font-family: helvetica, arial, sans-serif;\">\u00ab\u00a0Aimer c&rsquo;est faire.\u00a0\u00bb<\/span><\/strong><\/em><\/span><\/p>\n<p>\u00a0<\/p>\n\t\t\n<style>\n#text-3151412153 {\n  font-size: 0.9rem;\n}\n<\/style>\n\t<\/div>\n\t\n<a href=\"https:\/\/labananemusicale.fr\/index.php\/les-artistes\/\" target=\"_self\" class=\"button alert is-outline\"  style=\"border-radius:99px;\">\n    <span>D\u00e9couvrez notre \u00e9quipe<\/span>\n  <\/a>\n\n\n<a href=\"https:\/\/labananemusicale.fr\/index.php\/les-choregraphes\/\" target=\"_self\" class=\"button alert is-outline\"  style=\"border-radius:99px;\">\n    <span>et nos spectacles pr\u00e9c\u00e9dents<\/span>\n  <\/a>\n\n\n\n\t\t<\/div>\n\t\t\t\t\t<\/div>\n\n\t\n\n<\/div>\n\n\t\t<\/div>\n\n\t\t\n<style>\n#section_534797796 {\n  padding-top: 59px;\n  padding-bottom: 59px;\n  min-height: 300px;\n  background-color: rgb(171, 171, 171);\n}\n#section_534797796 .section-bg-overlay {\n  background-color: rgba(0, 0, 0, 0.64);\n}\n#section_534797796 .ux-shape-divider--top svg {\n  height: 150px;\n  --divider-top-width: 100%;\n}\n#section_534797796 .ux-shape-divider--bottom svg {\n  height: 150px;\n  --divider-width: 100%;\n}\n<\/style>\n\t<\/section>\n\t\n\n","protected":false},"excerpt":{"rendered":"","protected":false},"author":1,"featured_media":0,"parent":0,"menu_order":0,"comment_status":"closed","ping_status":"closed","template":"","meta":{"_monsterinsights_skip_tracking":false,"_monsterinsights_sitenote_active":false,"_monsterinsights_sitenote_note":"","_monsterinsights_sitenote_category":0,"footnotes":""},"class_list":["post-30","page","type-page","status-publish","hentry"],"aioseo_notices":[],"_links":{"self":[{"href":"https:\/\/labananemusicale.fr\/index.php\/wp-json\/wp\/v2\/pages\/30","targetHints":{"allow":["GET"]}}],"collection":[{"href":"https:\/\/labananemusicale.fr\/index.php\/wp-json\/wp\/v2\/pages"}],"about":[{"href":"https:\/\/labananemusicale.fr\/index.php\/wp-json\/wp\/v2\/types\/page"}],"author":[{"embeddable":true,"href":"https:\/\/labananemusicale.fr\/index.php\/wp-json\/wp\/v2\/users\/1"}],"replies":[{"embeddable":true,"href":"https:\/\/labananemusicale.fr\/index.php\/wp-json\/wp\/v2\/comments?post=30"}],"version-history":[{"count":17,"href":"https:\/\/labananemusicale.fr\/index.php\/wp-json\/wp\/v2\/pages\/30\/revisions"}],"predecessor-version":[{"id":430,"href":"https:\/\/labananemusicale.fr\/index.php\/wp-json\/wp\/v2\/pages\/30\/revisions\/430"}],"wp:attachment":[{"href":"https:\/\/labananemusicale.fr\/index.php\/wp-json\/wp\/v2\/media?parent=30"}],"curies":[{"name":"wp","href":"https:\/\/api.w.org\/{rel}","templated":true}]}}

<div class="container section-title-container" ><h3 class="section-title section-title-center"><b></b><span class="section-title-main" >Les cours étudiants de la mini banane</span><b></b></h3></div>

	<section class="section" id="section_534797796">
		<div class="bg section-bg fill bg-fill  bg-loaded" >

			
			<div class="section-bg-overlay absolute fill"></div>
			
	<div class="is-border"
		style="border-color:rgb(235, 235, 235);border-width:1px 0px 0px 0px;">
	</div>

		</div>

		

		<div class="section-content relative">
			

<div class="row"  id="row-374788471">


	<div id="col-2144448628" class="col medium-4 small-12 large-4"  >
				<div class="col-inner"  >
			
			

	<div class="img has-hover x md-x lg-x y md-y lg-y" id="image_588963764">
								<div class="img-inner dark" >
			<img loading="lazy" decoding="async" width="819" height="1024" src="https://labananemusicale.fr/wp-content/uploads/2025/08/1-banane-819x1024.jpg" class="attachment-large size-large" alt="" srcset="https://labananemusicale.fr/wp-content/uploads/2025/08/1-banane-819x1024.jpg 819w, https://labananemusicale.fr/wp-content/uploads/2025/08/1-banane-240x300.jpg 240w, https://labananemusicale.fr/wp-content/uploads/2025/08/1-banane-768x960.jpg 768w, https://labananemusicale.fr/wp-content/uploads/2025/08/1-banane.jpg 1024w" sizes="auto, (max-width: 819px) 100vw, 819px" />						
					</div>
								
<style>
#image_588963764 {
  width: 100%;
}
</style>
	</div>
	


		</div>
					</div>

	

	<div id="col-2059209392" class="col medium-4 small-12 large-4"  >
				<div class="col-inner"  >
			
			

	<div class="img has-hover x md-x lg-x y md-y lg-y" id="image_1819148589">
								<div class="img-inner dark" >
			<img loading="lazy" decoding="async" width="819" height="1024" src="https://labananemusicale.fr/wp-content/uploads/2025/08/2-banane-819x1024.jpg" class="attachment-large size-large" alt="" srcset="https://labananemusicale.fr/wp-content/uploads/2025/08/2-banane-819x1024.jpg 819w, https://labananemusicale.fr/wp-content/uploads/2025/08/2-banane-240x300.jpg 240w, https://labananemusicale.fr/wp-content/uploads/2025/08/2-banane-768x960.jpg 768w, https://labananemusicale.fr/wp-content/uploads/2025/08/2-banane.jpg 1024w" sizes="auto, (max-width: 819px) 100vw, 819px" />						
					</div>
								
<style>
#image_1819148589 {
  width: 100%;
}
</style>
	</div>
	


		</div>
					</div>

	

	<div id="col-1451704856" class="col medium-4 small-12 large-4"  >
				<div class="col-inner"  >
			
			

	<div id="text-3151412153" class="text">
		

<p><span style="font-size: 85%;"><strong><span style="color: #f99b1c; font-family: helvetica, arial, sans-serif;">2025-2026</span></strong></span></p>
<p><span style="font-size: 85%; color: #fcfcfc;"><strong><span style="font-family: helvetica, arial, sans-serif;">Cette année, nous lançons un nouveau projet pour nos cours étudiants : l&rsquo;adaptation de The Greatest Showman. Tous les étudiant.e.s peuvent s&rsquo;inscrire pour suivre des cours de comédie musicale (chant, danse, etc). Puis, suite à une audition, vous pourrez tenter d&rsquo;obtenir les rôles de la comédie musicale !</span></strong></span></p>
<p><span style="font-size: 85%;"><strong><span style="font-family: helvetica, arial, sans-serif;"><span style="color: #fcfcfc;">Tarif pour l&rsquo;année :</span> <span style="color: #f99b1c;">75€ pour les étudiants<span style="color: #fff196;"><em> (prix des cours à l&rsquo;année et d&rsquo;une partie du costume que vous pourrez récupérer à la fin du spectacle</em></span></span><span style="color: #fff196;">)</span><span style="color: #ffffff;">.</span></span></strong></span></p>
<p><span style="font-size: 85%; color: #ffffff;"><strong><span style="font-family: helvetica, arial, sans-serif;">Heures de cours : le jeudi de 17 à 20h.</span></strong></span></p>
<p><span style="font-size: 85%;"><strong><span style="font-family: helvetica, arial, sans-serif;"><span style="color: #ffffff;">Spectacles à prévoir : </span><span style="color: #f99b1c;">deux ou trois représentations en mai 2026</span>.</span></strong></span></p>
<p><span style="color: #fff196; font-size: 85%;"><em><strong><span style="font-family: helvetica, arial, sans-serif;">« Aimer c&rsquo;est faire. »</span></strong></em></span></p>
<p> </p>
		
<style>
#text-3151412153 {
  font-size: 0.9rem;
}
</style>
	</div>
	
<a href="https://labananemusicale.fr/index.php/les-artistes/" target="_self" class="button alert is-outline"  style="border-radius:99px;">
    <span>Découvrez notre équipe</span>
  </a>


<a href="https://labananemusicale.fr/index.php/les-choregraphes/" target="_self" class="button alert is-outline"  style="border-radius:99px;">
    <span>et nos spectacles précédents</span>
  </a>



		</div>
					</div>

	

</div>

		</div>

		
<style>
#section_534797796 {
  padding-top: 59px;
  padding-bottom: 59px;
  min-height: 300px;
  background-color: rgb(171, 171, 171);
}
#section_534797796 .section-bg-overlay {
  background-color: rgba(0, 0, 0, 0.64);
}
#section_534797796 .ux-shape-divider--top svg {
  height: 150px;
  --divider-top-width: 100%;
}
#section_534797796 .ux-shape-divider--bottom svg {
  height: 150px;
  --divider-width: 100%;
}
</style>
	</section>
